{"id":31,"date":"2018-12-03T12:51:31","date_gmt":"2018-12-03T12:51:31","guid":{"rendered":"http:\/\/www.piwznin.pl\/?page_id=31"},"modified":"2026-02-24T12:38:19","modified_gmt":"2026-02-24T12:38:19","slug":"grypa-ptakow","status":"publish","type":"page","link":"http:\/\/www.piwznin.pl\/?page_id=31","title":{"rendered":"Grypa ptak\u00f3w"},"content":{"rendered":"<div class=\"entry\">\n\n<h1 style=\"text-align: center;\"><strong><span style=\"color: #ff0000;\">UWAGA: WYSOCE ZJADLIWA GRYPA PTAK\u00d3W U PTACTWA DZIKIEGO !<br \/><\/span><\/strong><\/h1>\n<ul>\n<li><a href=\"http:\/\/www.piwznin.pl\/wp-content\/uploads\/2026\/02\/Rozporzadzenie-nr-12026-Powiatowego-Lekarza-Weterynarii-w-Zninie.pdf\" target=\"_blank\" rel=\"noopener\">Rozporz\u0105dzenie Powiatowego Lekarza Weterynarii w \u017bninie<\/a><\/li>\n<li><a href=\"http:\/\/www.piwznin.pl\/wp-content\/uploads\/2026\/02\/ROZPORZADZENIE-NR-192025-WOJEWODY-KUJAWSKO-POMORSKIEGO.pdf\" target=\"_blank\" rel=\"noopener\">Rozporz\u0105dzenie Wojewody Kujawsko-Pomorskiego<\/a><\/li>\n<li><a href=\"http:\/\/www.piwznin.pl\/wp-content\/uploads\/2026\/02\/ROZPORZADZENIE-MINISTRA-ROLNICTWA-I-ROZWOJU-WSI.pdf\" target=\"_blank\" rel=\"noopener\">Rozporz\u0105dzenie Ministra Rozwoju Rolnictwa<\/a><\/li>\n<li><a href=\"http:\/\/www.piwznin.pl\/wp-content\/uploads\/2026\/02\/Wzor-Zgloszenia-drobiu-do-PLW-Znin.doc\" target=\"_blank\" rel=\"noopener\">za\u0142. 1 Wz\u00f3r zg\u0142oszenia drobiu do PLW w \u017bninie<\/a><\/li>\n<li><a href=\"http:\/\/www.piwznin.pl\/wp-content\/uploads\/2026\/02\/Zgloszenie-drobiu-do-PLW-Znin.doc\" target=\"_blank\" rel=\"noopener\">za\u0142. 2 Zg\u0142oszenie drobiu do PLW w \u017bninie<\/a><\/li>\n<li><a href=\"http:\/\/www.piwznin.pl\/wp-content\/uploads\/2022\/10\/zal.-2-INFORMACJA-DLA-HODOWCOW-DROBIU.docx\">za\u0142. 3 INFORMACJA DLA HODOWC\u00d3W DROBIU<\/a><\/li>\n<li><a href=\"http:\/\/www.piwznin.pl\/wp-content\/uploads\/2022\/10\/zal.-3-KRD_zasady_bioasekuracji_15cze21.pdf\">za\u0142. 4 KRD_zasady_bioasekuracji_15cze21<\/a><\/li>\n<\/ul>\n\n\n<p><\/p>\n\n\n<\/div>","protected":false},"excerpt":{"rendered":"<p>UWAGA: WYSOCE ZJADLIWA GRYPA PTAK\u00d3W U PTACTWA DZIKIEGO ! Rozporz\u0105dzenie Powiatowego Lekarza Weterynarii w \u017bninie Rozporz\u0105dzenie Wojewody Kujawsko-Pomorskiego Rozporz\u0105dzenie Ministra Rozwoju Rolnictwa za\u0142. 1 Wz\u00f3r zg\u0142oszenia drobiu do PLW w \u017bninie za\u0142. 2 Zg\u0142oszenie drobiu do PLW w \u017bninie za\u0142. 3 INFORMACJA DLA HODOWC\u00d3W DROBIU za\u0142. 4 KRD_zasady_bioasekuracji_15cze21<\/p>\n","protected":false},"author":1,"featured_media":0,"parent":0,"menu_order":0,"comment_status":"closed","ping_status":"closed","template":"","meta":{"_mi_skip_tracking":false},"aioseo_notices":[],"_links":{"self":[{"href":"http:\/\/www.piwznin.pl\/index.php?rest_route=\/wp\/v2\/pages\/31"}],"collection":[{"href":"http:\/\/www.piwznin.pl\/index.php?rest_route=\/wp\/v2\/pages"}],"about":[{"href":"http:\/\/www.piwznin.pl\/index.php?rest_route=\/wp\/v2\/types\/page"}],"author":[{"embeddable":true,"href":"http:\/\/www.piwznin.pl\/index.php?rest_route=\/wp\/v2\/users\/1"}],"replies":[{"embeddable":true,"href":"http:\/\/www.piwznin.pl\/index.php?rest_route=%2Fwp%2Fv2%2Fcomments&post=31"}],"version-history":[{"count":13,"href":"http:\/\/www.piwznin.pl\/index.php?rest_route=\/wp\/v2\/pages\/31\/revisions"}],"predecessor-version":[{"id":905,"href":"http:\/\/www.piwznin.pl\/index.php?rest_route=\/wp\/v2\/pages\/31\/revisions\/905"}],"wp:attachment":[{"href":"http:\/\/www.piwznin.pl\/index.php?rest_route=%2Fwp%2Fv2%2Fmedia&parent=31"}],"curies":[{"name":"wp","href":"https:\/\/api.w.org\/{rel}","templated":true}]}}