{"id":813,"date":"2025-11-22T10:47:18","date_gmt":"2025-11-22T10:47:18","guid":{"rendered":"http:\/\/www.piwznin.pl\/?page_id=813"},"modified":"2025-11-22T10:47:19","modified_gmt":"2025-11-22T10:47:19","slug":"szkolenie-nt-pozyskania-miesa-na-uzytek-wlasny-uboj-z-koniecznosci","status":"publish","type":"page","link":"http:\/\/www.piwznin.pl\/?page_id=813","title":{"rendered":"Szkolenie nt pozyskania mi\u0119sa na u\u017cytek w\u0142asny, ub\u00f3j z konieczno\u015bci"},"content":{"rendered":"<div class=\"entry\">\n\n\n<p class=\"has-text-align-center\">Wojew\u00f3dzki Kujawsko-Pomorski Lekarz Weterynarii<\/p>\n\n\n\n<p class=\"has-text-align-center\">oraz<br>Kujawsko-Pomorski O\u015brodek Doradztwa Rolniczego w Minikowie<br>zapraszaj\u0105 na szkolenie online<br>nt. <strong>Pozyskania mi\u0119sa na u\u017cytek w\u0142asny, ub\u00f3j z konieczno\u015bci<\/strong>.<\/p>\n\n\n\n<p class=\"has-text-align-center\">16<strong> grudnia 2025 r. (czwartek) 10:00-12:00<\/strong><\/p>\n\n\n<div class=\"wp-block-image\">\n<figure class=\"aligncenter size-full\"><a href=\"http:\/\/www.piwznin.pl\/wp-content\/uploads\/2025\/11\/Szkolenie-uboj-z-koniecznosci-16.12.2025.jpg\"><img decoding=\"async\" loading=\"lazy\" width=\"723\" height=\"1024\" src=\"http:\/\/www.piwznin.pl\/wp-content\/uploads\/2025\/11\/Szkolenie-uboj-z-koniecznosci-16.12.2025.jpg\" alt=\"\" class=\"wp-image-814\" srcset=\"http:\/\/www.piwznin.pl\/wp-content\/uploads\/2025\/11\/Szkolenie-uboj-z-koniecznosci-16.12.2025.jpg 723w, http:\/\/www.piwznin.pl\/wp-content\/uploads\/2025\/11\/Szkolenie-uboj-z-koniecznosci-16.12.2025-212x300.jpg 212w\" sizes=\"(max-width: 723px) 100vw, 723px\" \/><\/a><\/figure><\/div>\n\n<\/div>","protected":false},"excerpt":{"rendered":"<p>Wojew\u00f3dzki Kujawsko-Pomorski Lekarz Weterynarii orazKujawsko-Pomorski O\u015brodek Doradztwa Rolniczego w Minikowiezapraszaj\u0105 na szkolenie onlinent. Pozyskania mi\u0119sa na u\u017cytek w\u0142asny, ub\u00f3j z konieczno\u015bci. 16 grudnia 2025 r. (czwartek) 10:00-12:00<\/p>\n","protected":false},"author":1,"featured_media":0,"parent":0,"menu_order":0,"comment_status":"closed","ping_status":"closed","template":"","meta":{"_mi_skip_tracking":false},"aioseo_notices":[],"_links":{"self":[{"href":"http:\/\/www.piwznin.pl\/index.php?rest_route=\/wp\/v2\/pages\/813"}],"collection":[{"href":"http:\/\/www.piwznin.pl\/index.php?rest_route=\/wp\/v2\/pages"}],"about":[{"href":"http:\/\/www.piwznin.pl\/index.php?rest_route=\/wp\/v2\/types\/page"}],"author":[{"embeddable":true,"href":"http:\/\/www.piwznin.pl\/index.php?rest_route=\/wp\/v2\/users\/1"}],"replies":[{"embeddable":true,"href":"http:\/\/www.piwznin.pl\/index.php?rest_route=%2Fwp%2Fv2%2Fcomments&post=813"}],"version-history":[{"count":1,"href":"http:\/\/www.piwznin.pl\/index.php?rest_route=\/wp\/v2\/pages\/813\/revisions"}],"predecessor-version":[{"id":816,"href":"http:\/\/www.piwznin.pl\/index.php?rest_route=\/wp\/v2\/pages\/813\/revisions\/816"}],"wp:attachment":[{"href":"http:\/\/www.piwznin.pl\/index.php?rest_route=%2Fwp%2Fv2%2Fmedia&parent=813"}],"curies":[{"name":"wp","href":"https:\/\/api.w.org\/{rel}","templated":true}]}}